(j) = j - 3. Let o be d(3). Suppose o = -s + 5 + 7. Calculate the remainder when 23 is divided by s.
11
Suppose 25 = 3*r + 2*r. Suppose 2*c - 292 = -5*y, -r*y = c - 142 - 149. Calculate the remainder when y is divided by 15.
13
Suppose 9*l = 7*l + 224. Calculate the remainder when l is divided by 23.
20
Suppose 4 = 5*n - 4*s - 35, s = -1. Calculate the remainder when 10 is divided by n.
3
Let p(k) = -k**2 + 9*k + 19. Calculate the remainder when 55 is divided by p(9).
17
Let y be (10/20)/(2/12). Suppose 0 = -x + 3, -9 = y*w - 5*x - 42. Suppose -14 = -2*a - 4*i + 6, a = 3*i. Calculate the remainder when w is divided by a.
4
Suppose 5*x - 3 = 6*r - 2*r, 0 = 4*r - 4*x. Suppose 5*o = r*o + 2, -2*o = -5*v + 43. Suppose -v - 6 = -3*u. Calculate the remainder when 13 is divided by u.
3
Let c = 478 + -270. Suppose 0 = 5*d - c - 7. Calculate the remainder when d is divided by 11.
10
Calculate the remainder when ((-19 + 0)*6/6)/(-1) is divided by 4.
3
Suppose 5 = 5*o - 10. Let u = o - -17. What is the remainder when 59 is divided by u?
19
Let u = -54 + 64. Calculate the remainder when 68 is divided by u.
8
Suppose 0 = -3*x + 17 + 1. Suppose 5*k = 4*h + h - 40, -3*k = 4*h - 46. What is the remainder when h is divided by x?
4
Let p(u) = 15*u**3 + u**2 + 2*u - 3. What is the remainder when p(2) is divided by 42?
41
Suppose w - 10 - 3 = 0. Let y = w + 43. What is the remainder when y is divided by 19?
18
Suppose -4*x = -3*x - 1. Calculate the remainder when 37 is divided by 11 + x + (-10)/(-10).
11
Let x(s) = -s + 4. Let o be x(4). Suppose o*y - y + 23 = 0. What is the remainder when y is divided by 8?
7
What is the remainder when (4/(-8))/((-695)/230 + 3) is divided by 5?
3
Let p(x) be the third derivative of -x**5/60 + 5*x**4/24 - x**3/2 - 2*x**2. Let q be (-8)/36 - 40/(-18). What is the remainder when 7 is divided by p(q)?
1
Let a = -29 - -50. Let s be 7/((-7)/57) + 2. Let c = s - -137. Calculate the remainder when c is divided by a.
19
Let d be 26/8 - (-3)/4. Suppose d*y - 15 = -3. Suppose -4*z = -y*z - 53. Calculate the remainder when z is divided by 18.
17
Let k(h) = h**2 - 8*h + 4. Calculate the remainder when 23 is divided by k(9).
10
Let d(b) = -b**3 - 12*b**2 - 12*b - 4. Suppose 4*t - 5*w + 49 = 0, -8*w = 4*t - 3*w + 39. Calculate the remainder when 19 is divided by d(t).
5
Let w(o) = o**3 + 11*o**2 + 9*o - 8. What is the remainder when w(-7) is divided by 32?
29
Let n(r) = 2*r**2 - 10*r + 9. Calculate the remainder when n(6) is divided by 6.
3
Let x = 23 + -16. Calculate the remainder when 20 is divided by x.
6
Let w(b) = -10*b**2 - 12 + 11 + 12*b + b**3 - b. Calculate the remainder when 0 + 33 - (2 - 1) is divided by w(9).
15
Suppose -38*p + 28 = -40*p. Calculate the remainder when 81 is divided by p/105 + 317/15.
18
Let u(k) = 5*k**3 + 2*k**2 - 2*k + 3. Let h = 2 + 0. Calculate the remainder when u(h) is divided by 16.
15
Let z = -94 + 176. What is the remainder when z is divided by 22?
16
Let o = 74 - 37. What is the remainder when 96 is divided by o + -1 + -3 - 0?
30
Suppose 2*a = -2 - 0, -4*a - 37 = 3*i. Let u = i - -25. What is the remainder when 40 is divided by u?
12
Suppose -34 = 3*n - 121. What is the remainder when 55 is divided by n?
26
Let l(k) = -14*k + 612. Suppose -4*i = -m - 7, 2 + 1 = -i + 5*m. Suppose -23 + i = -p + 2*d, 96 = 5*p - d. Calculate the remainder when p is divided by l(43).
9
Let t be 1*-2 - (3 - -1). Let c(m) = -m**2 - 5*m + 7. Let l be c(t). What is the remainder when 822/24 + l/(-4) is divided by 12?
10
Let h(b) = 0*b**3 + 0*b**3 + 35 + b**3. Let w(v) = -v + 12. Let m be w(12). What is the remainder when h(m) is divided by 9?
8
Calculate the remainder when 41 is divided by (-56)/(-5) - (-8)/(-40).
8
Let w = 7 + -5. What is the remainder when 15 + (-2)/(w/1) is divided by 8/3*(-1 + 4)?
6
Let n = 117 + 29. Suppose -2*i = 52 - n. Suppose k = 2*k - 12. What is the remainder when i is divided by k?
11
Let d(j) = -j**2 + 17*j - 21. Calculate the remainder when d(14) is divided by 12.
9
Let f(i) = i + 11. Let p = 5 - 13. Let w be f(p). What is the remainder when (12*-7)/(-3) + w is divided by 11?
9
Let i(h) = -2*h - 3. Let x be i(-3). Suppose x*w = -7 + 43. What is the remainder when w is divided by 7?
5
What is the remainder when ((-2)/8)/(14/(-1736)) is divided by 20?
11
Let i = -1 + 4. What is the remainder when 6 is divided by i?
0
Suppose 2*o + 3*q = -q + 40, -o + 2 = -4*q. Let r(t) = -5*t. Let w be r(-6). Calculate the remainder when o is divided by (-42)/(-10) + (-6)/w.
2
Let k(f) = -f**3 + f**2 + f - 2. Let n be 6/(-10) - 26/(-10). Let g be k(n). Calculate the remainder when (-1 + 6/g)*-10 is divided by 13.
12
Let u be ((-4)/6)/(1/(-3)). Let a(i) = 5*i - i**3 + 4 + 6*i**u + 3*i - 5*i. Calculate the remainder when a(6) is divided by 8.
6
What is the remainder when (-1)/(-5) + (-5808)/(-60) is divided by 52?
45
Suppose 0 = 4*y + 50 - 434. Suppose -3*q - y = 114. What is the remainder when q/(-3)*(-36)/(-15) is divided by 19?
18
Let g(d) = -3*d**2 + 5*d**2 + 0*d**2 + 3 + 5*d. Let z(s) = -s**3 + 4*s**2 + 5*s - 3. Let q be z(5). What is the remainder when g(q) is divided by 4?
2
Let b(t) = -t + 17. Calculate the remainder when 67 is divided by b(-6).
21
Calculate the remainder when (-3 - -4)*-1 - -22 is divided by 6.
3
Let b(r) = 14*r - 5. Let z be b(6). Let k = -41 + z. What is the remainder when k is divided by 10?
8
Let g(o) = 4*o - 5. Suppose -5*q + 11 = 2*r, -6*q = -2*r - 3*q + 3. Suppose -149 = -7*l + 2*l - 3*p, r*p = 9. What is the remainder when l is divided by g(5)?
13
Let p be -6*-4*2/(-12). Let w(n) = -n + 4. Calculate the remainder when w(p) is divided by 5.
3
Let c(l) = -l. Calculate the remainder when 375/35 - (-2)/7 is divided by c(-3).
2
Let p = 1 - -1. Suppose -p*q + 36 = 2*q. What is the remainder when 33 is divided by q?
6
What is the remainder when 1 - ((-455)/(-21))/(1/(-12)) is divided by 44?
41
Suppose -6*m + 115 = -m. Calculate the remainder when 67 is divided by m.
21
Suppose 5*r + 2 = 6*r. Let m be 48/(r - 0) + -2. Suppose -2*j = -4*j + m. What is the remainder when 32 is divided by j?
10
Suppose 0*n + 2*n + 4 = 0. Let u(v) = -8*v. What is the remainder when 30 is divided by u(n)?
14
Suppose 0 = -3*d + 9 + 54. What is the remainder when 103 is divided by d?
19
Let a(p) = p**2 - 3*p + 2. Suppose 4*h - 16 = -4*y, 4*h + 3*y + 1 = 17. What is the remainder when h is divided by a(3)?
0
Let s(z) = -1 - 3 - 1 + 0*z**2 - 5*z + z**2. Calculate the remainder when s(-5) is divided by 16.
13
Let o(g) = -4*g + 6. Let d be o(5). Let i = -6 - d. Suppose 3*s - 5*h = i*s - 90, 18 = s + 2*h. Calculate the remainder when 53 is divided by s.
17
Let f(a) = -6*a**3 + a**2 + 2*a + 1. Let v = 5 + -6. Calculate the remainder when f(v) is divided by 3.
0
Let f(j) = j**2 - j - 8. What is the remainder when f(8) is divided by ((-68)/10)/(14/(-35))?
14
Suppose -2*m = m - 27. Let l = 61 - 58. Calculate the remainder when m is divided by l.
0
Let c = 105 + -52. What is the remainder when c is divided by 11?
9
Let x be -2 - 1*8/(-4). Let f = 16 - x. Calculate the remainder when 63 is divided by f.
15
Suppose 1 = -i + 3. Let l be (-117)/(-3) - -2 - -1. What is the remainder when 41 is divided by 3/((-75)/l + i)?
13
Let m = -12 - -2. Let s be (2/m)/(4/(-20)). Let q = 2 + s. Calculate the remainder when 7 is divided by q.
1
Let i(z) = -z**3 + 24*z**2 + 3*z - 7. Suppose -4*g = 5*x - 105, 2*g - 12 + 2 = 0. Calculate the remainder when i(24) is divided by x.
14
Calculate the remainder when 2/15 - (-17520)/225 is divided by 16.
14
Let f(r) = -r**2 + 8*r + 29. Calculate the remainder when 19 is divided by f(10).
1
Suppose 37 = 2*r - 3*j, 5*r - 53 = 5*j + 32. Let x(o) = o**3 - 9*o**2 - 7*o + 10. Calculate the remainder when x(10) is divided by r.
12
Suppose -3*z + 4*y + 60 = 0, z - 2*y + 58 = 5*z. Let o = -67 - -98. What is the remainder when o is divided by z?
15
Suppose -3*v + 4*v - f - 7 = 0, -f = 2*v - 2. Calculate the remainder when 9 is divided by v.
0
Suppose -4*y = -2*l - 9*y + 4, 2*y = -8. Calculate the remainder when 47 is divided by l.
11
Let y(h) = -h**2 + 7*h + 10. Calculate the remainder when y(7) is divided by 6.
4
Let c(m) = -2*m - 1. Let z be c(-11). Let i = z - 9. Calculate the remainder when 23 is divided by